t d(v) = 15*v - 9. Let p(q) = -6*c(q) + 7*d(q). What are the prime factors of p(s)?
3, 11
List the prime factors of (-3)/(-3*7/13657) + -6.
5, 389
Suppose -11*c + 9*c - 1325 = -l, 5*l = 4*c + 6607. List the prime factors of l.
1319
Suppose 3*p + 4 = -2. List the prime factors of (-2871)/(-27) + 1/((-3)/p).
107
Let v = -203 + 263. What are the prime factors of v?
2, 3, 5
Let h(d) = d**2 + 2*d**3 - 3*d - 2*d**2 - 17 + 21. What are the prime factors of h(3)?
2, 5
Let u(m) = 3*m**2 - 2*m - 1. Let c be u(4). Suppose 20 + c = l - 5*s, -2*s - 341 = -5*l. What are the prime factors of l?
3, 23
Let s = -176 - -309. Let z = -80 + s. List the prime factors of z.
53
Let s(o) = -o**3 + 36*o**2 + 62*o - 77. List the prime factors of s(37).
2, 53
Suppose -18*x - 411 + 1473 = 0. Suppose -k - 4*a = -x, -3*k = 5*a + 43 - 255. What are the prime factors of k?
79
Let g(s) = 4*s + 10. Let m(b) = -2 + b - 4 + 7. Let n(w) = g(w) - 3*m(w). What are the prime factors of n(0)?
7
Let c = 706 - -992. What are the prime factors of c?
2, 3, 283
Let r(f) = -f**3 - 7*f**2 + 5*f - 4. Let v be r(-8). Suppose v - 82 = -2*x. List the prime factors of x.
31
Suppose 34 + 59 = 3*m. Suppose k = 0, -4*v + m = -4*k - 1. List the prime factors of 2/v - (-102)/8.
13
Let m(f) be the first derivative of 3/2*f**2 - 8 - 10*f + 1/3*f**3. What are the prime factors of m(-7)?
2, 3
Suppose 5*r - 802 = 16113. What are the prime factors of r?
17, 199
Let y(m) = 70*m**2 - 57*m + 298. What are the prime factors of y(5)?
41, 43
Let z(j) = 3*j - 3. Let f(v) = v**2 - v + 2. Let w be f(1). Let a be z(w). Suppose 54 = 5*g - y, a*g - 4*y - 56 = -g. List the prime factors of g.
2, 5
List the prime factors of 697 + 1 - (-4 - 1).
19, 37
Let u = -85 - -40. Suppose -3*r + 3*b - 5 = -2, 4*r = 5*b. What are the prime factors of 1/r - 1089/u?
2, 3
Suppose -2*y - y - 372 = -3*u, u = -5*y + 94. What are the prime factors of u?
7, 17
Suppose k - 4*g + 0 - 4 = 0, -5*k + 5*g = -50. Suppose -k = -3*h - 0. What are the prime factors of ((-7)/h)/(3/(-96))?
2, 7
Let o(w) = 10 + 2*w - 4*w + w + 0*w. Let r be o(10). Suppose -z + 15 = -r. What are the prime factors of z?
3, 5
Let v be (8164/(-39))/((-2)/(-6)). What are the prime factors of (-2 - v/12)/((-1)/(-3))?
151
Suppose -5*t = 14*c - 10*c - 2892, t - 722 = -c. What are the prime factors of c?
2, 359
Let h(z) = z + 5. Let u(m) = -m**2 + m. Let y(n) = -h(n) + 3*u(n). Let j be y(-3). Let p = -19 - j. What are the prime factors of p?
19
Let v = -148 - -585. Let b = v + -202. What are the prime factors of b?
5, 47
Let i = -70 + 187. What are the prime factors of i?
3, 13
Suppose 0 = -2*s + 228 + 1868. List the prime factors of s.
2, 131
Let j be (-20 + 0)/(-5)*-2. Let b = 50 - j. List the prime factors of b.
2, 29
Let y be (0 - 2) + -4 + (5 - 1). List the prime factors of 3450/18 + 6 + y/3.
197
Let v(i) be the first derivative of -i**4/4 - 7*i**3/3 + 2*i**2 + 11*i - 3. List the prime factors of v(-8).
43
Suppose 3*m - 6*m + 4*g + 32 = 0, 3*m - 38 = -2*g. Suppose 33 = 4*y + 13. Let a = m - y. What are the prime factors of a?
7
Let l(q) = -120*q**3 - 14*q**2 - 6*q - 8. What are the prime factors of l(-3)?
2, 11, 71
Suppose -4031 - 1865 = -22*a. What are the prime factors of a?
2, 67
Let i(f) = -4*f**2 - 9*f - 6*f**3 + 1 + 6*f + 3*f**2. List the prime factors of i(-2).
3, 17
Let w(s) = 24*s**2 - 4*s. Let f be w(4). Let y be (2 - 4) + f/4. Suppose 5*u = 5*q - y, 0 = 2*q + u - 30 - 21. What are the prime factors of q?
23
Let p(c) = -192*c**2 - 2*c - 1. Let x be p(-1). Let j = -84 - x. List the prime factors of j.
107
Let q = 1119 + -432. What are the prime factors of q?
3, 229
Suppose 14*z + 26 + 44 = 0. Let n(w) = -w**2 - 3 + 2 - 11*w - 1. List the prime factors of n(z).
2, 7
Let g(b) = 9*b**2 - 8*b + 10. List the prime factors of g(-20).
2, 5, 13, 29
Let g = -73 - -103. Suppose -40 = -2*l + g. List the prime factors of l.
5, 7
Suppose -4*t = -10 - 10. Let g(y) = 5*y + y**3 + 0*y**3 - 4*y**2 - 2*y**2 - t. List the prime factors of g(6).
5
Let d(w) = 903*w**2 + 29*w - 47. What are the prime factors of d(2)?
3623
Let n(i) = -11*i**2 + i + 1. Let r be n(-1). Let p(q) = q**2 - 11*q + 22. Let d be p(11). Let g = r + d. What are the prime factors of g?
11
Let q be 84/70*(-10)/(-3). Suppose -q*s + 3*s - 6 = 0. What are the prime factors of (-304)/s + 12/36?
3, 17
List the prime factors of (1839/(-15) - 3)/(2/(-25)).
2, 5, 157
Suppose 2*g - 3*l + 7 = 0, -5*l = 6*g - 3*g + 1. List the prime factors of 9*16/2 - g.
2, 37
Let r(d) = -d**2. Let z be r(-3). Let o(k) = -6*k + 2. What are the prime factors of o(z)?
2, 7
Let o(w) = 2*w + 6. Suppose 2 - 20 = -3*c. Let m(r) = -r**2 + 6*r + 6. Let h be m(c). List the prime factors of o(h).
2, 3
List the prime factors of (-233)/((-1)/(-3) - (-30)/(-36)).
2, 233
Let q(b) = 19*b**3 - 2*b**2 + 1. Let n be q(1). Let k = -16 + 13. What are the prime factors of n + (6/k - 1)?
3, 5
Let x(a) = a**3 - 14*a**2 + 25*a - 2. Let s be x(12). Suppose 3*i + 142 = 2*d - 158, 5*i + s = 0. List the prime factors of d.
3, 7
Let g = -149 + 153. Suppose -b + 269 = -2*w, 3*w + 1072 = g*b - w. What are the prime factors of b?
3, 89
Let n(v) = v + 3. Let l be n(-3). Let h be 3/6*l/2. Suppose -5*g = -4*x + 8, 8 = 4*x - h*g - 4*g. What are the prime factors of x?
2
Suppose 3*b = 3, 7*w + 4*b - 34 = 2*w. Let s be 15/(-4) - (-10)/(-40). List the prime factors of (s/w)/(8/(-180)).
3, 5
Let t(k) = 16*k**3 - 2*k**2 + 2*k - 7. What are the prime factors of t(2)?
3, 13
Suppose -3*f = 4*i - 14, 0*f - 3*f + i + 4 = 0. Let a = 3 + f. Suppose -a*k = -r + 3*r - 27, -2*k - 140 = -5*r. List the prime factors of r.
2, 13
Let k(y) = 2*y**2 - 15*y - 5. Let r be k(8). Suppose -18 - 132 = -r*n - w, -n = -5*w - 50. List the prime factors of n.
2, 5
Suppose -4*a = -441 - 851. Let l = -527 + a. List the prime factors of l/(-20) + (-4)/20.
2, 5
Suppose 5*b = -4*t + 6*t - 12, -4*t + 34 = -5*b. Suppose 2*v + a = 13, 0 = -v - a - 2 + t. Suppose 76 + 4 = v*s. What are the prime factors of s?
2, 5
Let r = -63 + 63. Suppose -s = -r*s - 174. List the prime factors of s.
2, 3, 29
Suppose 0 = -288*z + 285*z + 2064. Suppose -j - 1284 = -5*m, -j - z - 339 = -4*m. What are the prime factors of m?
257
Let o(i) = -4*i**3 - 5*i**2 - 11*i - 2. List the prime factors of o(-5).
2, 107
Suppose 4*d = -3*c - 15, 0 = -c - 3 - 2. What are the prime factors of 2/(-3) + d + 371/3?
3, 41
Suppose -4*h + 536 = -3*h + 5*f, -5*h = -3*f - 2736. Suppose -3*u + 106 = y, -h = -2*y - 3*y + u. List the prime factors of y.
109
Suppose -4*z + 8 = 0, -4*z + z + 3 = -y. Suppose 3*c + y*b - 6*b - 186 = 0, c - 70 = 3*b. What are the prime factors of c?
2, 29
List the prime factors of (-4759)/(-5) + (12/15)/4.
2, 7, 17
List the prime factors of 1899 - (5/20)/(1/(-8)).
1901
Let x(a) = -a**2 + 10*a - 4. Let c be x(8). What are the prime factors of (-4)/(-16) + 669/c?
2, 7
Suppose -n = -3*n - 4. Let a be -3*(8/6 + n). Suppose -a*w + 7*w = 35. What are the prime factors of w?
7
Suppose -4*z - 4*o - 260 = -7*z, 0 = -4*z + o + 338. List the prime factors of z.
2, 3, 7
List the prime factors of 709/4 - (-3)/(-12).
3, 59
Let f(m) = -2*m**3 - 4*m**2 - 2*m - 2. Let c be f(-3). Let w = -43 + c. Let y = -6 - w. What are the prime factors of y?
3, 5
Suppose c + 3 - 5 = 0. Let n be (c - (-9)/(-6))*6. What are the prime factors of n*1/((-6)/(-32))?
2
Let x(m) = -m. Let v be x(-4). Suppose -4 - v = -h. Suppose -h*k + 8 = -7*k. List the prime factors of k.
2
Let p = -175 - -260. Suppose 0 = 4*s - 6*s + 8. Suppose -s*c - c = -p. What are the prime factors of c?
17
Suppose -11*r + 26*r = 7590. List the prime factors of r.
2, 11, 23
Let s(a) = a + 12. Let k be (12/15)/((-2)/30). Let o be s(k). Suppose -3*m - 5*h + 100 = 2*m, o = 4*m + 2*h - 76. What are the prime factors of m?
2, 3
What are the prime factors of 650 - (-15)/(-10)*(-28)/21?
2, 163
List the prime factors of (-8)/((-1*3/66)/17).
2, 11, 17
Suppose 0 = 3*f - 12, -4*p + 0 = 2*f - 12. Let m = 3 + 4. What are the prime factors of m*p + (-10 - -9)?
2, 3
Let o(j) = j**3 + 2*j**2 + 2*j + 26. List the prime factors of o(4).
2, 5, 13
Suppose -4*s + 3*g = -3, -1 = 3*s - 5*g - 6. Suppose 5*c + 333 - 18 = s. What are the prime factors of c/6*6/(-9)?
7
Let z = 14 + -11. Let b(a) = -4*a**2 + a**3 + 3 + 4*